- -5) + 2 + 6 + (-22 - -25)?
11
What is 1 + -4 + (10 - 5)?
2
What is 4 - (0 + -7 + (7 - 3 - 1))?
8
Calculate -45 + 23 - (-2 - (-5 + 2)) - -6.
-17
What is the value of 103 + -70 + -6 + 1?
28
What is the value of 1 + 6 + -6 - -1 - (53 - 29)?
-22
Evaluate 4 + -3 - (-4 - (7 - 8) - -5).
-1
Calculate -2 - (11 + -3) - (12 + -2).
-20
Calculate (-29 - -66) + -24 + -2.
11
-1 - (1 + 4) - (-55 - -40) - -4
13
Calculate (-8 - (-1 - -8 - (-39 + 39))) + -11.
-26
Evaluate (8 - -6) + 1 - 15.
0
(-6 - 10 - -71) + -29
26
(1 - 2) + -1 + -4 - (1 + -8)
1
What is the value of (108 - 116) + (3 - 0 - 0) - 22?
-27
-65 - -19 - -20 - (9 - 2 - -1)
-34
-1 + (1 - 12 - 10) + (0 - -1)
-21
What is the value of -26 + (21 - (12 + 17))?
-34
What is the value of (99 - 89) + -2 + -36?
-28
What is -25 - (-69 + 16 + 3)?
25
What is the value of 112 + -113 + 0 + 2 + -1 + 5?
5
Evaluate (-2 - 5) + (-11 - -18) + 14.
14
What is 10 + -9 + 8 - (2 + -4)?
11
Calculate (-4 - (-5 + 6 - -10 - 3)) + 1.
-11
0 - (-15 + 22 + -4)
-3
What is the value of -153 - -158 - (3 + -6 + -2 + 3)?
7
Evaluate -33 + 36 - (-5 + -7).
15
What is 35 + 16 + (-27 - (-18 - -12))?
30
Evaluate (8 + -17 - 12) + (0 - -8).
-13
What is the value of 31 - (-18 + 25 + 48)?
-24
Evaluate -18 + (-18 - -70) + -9.
25
What is 2 - (-6 - (27 + -31) - (0 - -4))?
8
What is 11 + -2 + 6 - (-200 - -185)?
30
Evaluate -5 + 0 + -2 - -4 - -9.
6
What is the value of -6 + (5 + (-5 - 1) + 6 - 7)?
-8
Calculate (-28 - (-12 + 6 + -5)) + -5.
-22
22 - (30 - 18 - 10)
20
Calculate -51 + 36 + 5 + 13.
3
1 + -24 + 2 + 2 + 1 + 1
-17
14 + 19 + -24 + (0 - (-4 + 1))
12
Calculate 4 + 11 + (3 - 10 - -10) + -2.
16
What is -6 + 6 - (12 + 6 + -9)?
-9
Calculate 9 + 3 + (23 - (14 + 41)).
-20
What is (13 - (17 + 17)) + 16?
-5
Calculate 8 + -2 + -6 + 3 - 6 - 11.
-14
What is the value of -33 + (30 - (-19 - -34)) - (-1 + 13)?
-30
Calculate 13 - 27 - (12 + -27 + 6).
-5
-21 - (-25 - (30 + -37))
-3
Calculate 151 + -144 + (-19 - -3).
-9
What is the value of -8 - (37 - 27 - 14)?
-4
What is the value of -7 - -6 - 4 - (4 - (15 + -3))?
3
What is 1 + -1 + -6 - (-111 + 32 - -59)?
14
9 + 11 - (-24 - -48)
-4
Calculate 12 - (8 + 8) - -14 - -27 - 8.
29
What is -19 - (-4 + -6 + 15) - 4?
-28
What is -5 - (-9 - (0 - (5 - 6 - -5)))?
0
What is -3 - (-95 + 85 - (6 - -1))?
14
Evaluate -30 + (-3 - -10) + 2.
-21
What is -8 + (-9 - -2 - -3)?
-12
-35 + (8 - -50) + -46
-23
What is the value of (18 - (-20 - -60)) + 7?
-15
What is the value of 12 - ((-15 - 1) + 10 + 2)?
16
Evaluate (-22 - (14 + -28 + 18)) + 13.
-13
What is the value of -2 - -9 - (-2 + 8 + -3)?
4
Calculate -1 + 6 + -247 + 225.
-17
Calculate 9 + -6 + 5 - 8.
0
Evaluate 1 + 0 + 2 + -3 + (1 - 4).
-3
What is (-6 - -5) + -8 + -37 + 39?
-7
-4 + (-23 - -28) + 28
29
-3 - (-2 - (2 - -3 - 2))
2
Evaluate 2 + (9 - (-11 + 13)) + 14.
23
What is the value of (-21 - -1) + ((-8 - -10) + -10 - -12)?
-16
Calculate -13 - ((21 - 16) + -8).
-10
What is the value of (223 - 238) + 1 + 4?
-10
Evaluate 7 + (16 - -4 - 25).
2
-3 + -8 + 2 + -26 + 19
-16
What is 0 + 37 - (2 - (-22 - -11))?
24
26 + 18 + -36 - (2 - 0) - -11
17
-11 - ((-4 - (2 + -1)) + -332 + 350)
-24
What is the value of (9 - (9 - 8 - -2)) + -4 + -21?
-19
Evaluate (-3 - (-6 + -9 + 7)) + -2.
3
Calculate 3 + 9 - 20 - (4 - (0 - 5)).
-17
What is the value of 1 - 10 - (-102 + 85)?
8
Calculate 15 + 1 - (-9 + 24 - 11).
12
What is (7 - 9) + -2 + -6?
-10
Evaluate 0 + -23 + 11 + -9 + 8.
-13
Evaluate (15 - 26) + 1 + (-2 - -7).
-5
Evaluate -6 + -15 - (-8 - (4 - 7)).
-16
What is (-5 - -27) + (69 - 79) + -36?
-24
-1 + 2 + (-7 - (-5 - 5))
4
0 + 21 + (-22 - -20)
19
What is the value of (23 + -15 - 21) + 17?
4
What is the value of -3 + (3 + -3 + 3 - (-6 - -3))?
3
Evaluate 23 + (-10 - (5 - 10)) - (5 - 0).
13
-6 - (22 + -14 + (1 - -2))
-17
Evaluate 9 - (3 - (7 + -6)) - 8.
-1
Calculate -4 - (1 + (-2 - 7) - 7).
11
What is the value of -9 + (14 - -2 - ((8 - 0) + -1))?
0
Calculate 7 + (-140 - -133 - (1 + 5)).
-6
Calculate -9 + -8 + (9 - (-3 - 26)).
21
Calculate (-20 - 0) + (1 - -46).
27
What is the value of -2 + -2 + (-62 - -70)?
4
Evaluate (-16 - -27) + -14 + -3.
-6
What is the value of (2 - (-6 + 3)) + -15 + -5?
-15
-11 - (-14 - -28 - 18) - -28
21
Evaluate -57 + 47 - (-10 + 1) - (15 + 1).
-17
-3 - (-11 - (-14 + -12 + 13))
-5
What is the value of 3 + (-1 - (1 - 8) - 3) + 5?
11
Calculate 22 + -15 + 1 - (1 + 9).
-2
Calculate (-12 - -25) + -6 - 7.
0
Calculate -9 + ((-5 - -14) + -10 - 6).
-16
What is the value of 6 - ((0 - 1) + (4 - 1) + 7)?
-3
What is the value of (-2 - -8 - (-7 - -19) - -5) + -5?
-6
1 + -12 + (8 - (-8 + 5))
0
What is the value of 0 + -3 + (-1 - 1) + 6?
1
What is the value of 29 + -46 - (-11 - -4)?
-10
What is the value of 2 + 3 + -6 + (-6 - (-12 - 0))?
5
Evaluate -11 + 25 + (-65 - -6) + 3 + 7.
-35
-2 - (3 - 0 - -7 - (4 - -13))
5
What is -22 + (4 - (-2 - (1 - 0)))?
-15
Evaluate 4 + 18 + 114 + -113.
23
Evaluate (-70 - (31 - 88)) + (0 + -1 - -1).
-13
What is the value of (-21 + 12 - -7) + 5 + 1?
4
Evaluate 3 - (-2 + 4) - 0.
1
(13 - 9 - -3) + -6
1
Evaluate 2 - (18 - 2) - (7 + -4 + 0).
-17
(2 - (21 - -5)) + 12 - -2
-10
Calculate (-10 - (11 + -22)) + (-3 - -3 - -10).
11
Evaluate 1 + -6 + -31 + (-35 - -92).
21
Calculate 90 + -91 + (0 - (-4 - -2)) + 6.
7
1 - 11 - (-15 + 40 - 21)
-14
What is the value of 29 - (30 + -23 - -34)?
-12
What is the value of -1 - -2 - (-7 + -45 + 40)?
13
What is the value of -14 - (5 + (8 - 16)) - 2?
-13
(-8 - (-6 - 8)) + (-3 + -8 - 1)
-6
0 + -29 - (337 - 335)
-31
Calculate -2 + (-14 - ((-1 - 2) + 2)).
-15
Evaluate -12 - -5 - (6 + (5 - 49)).
31
-2 - ((-7 - -16) + -3 + -2) - 6
-12
Calculate -299 - -292 - (-33 - ((0 - -4) + -2)).
28
Evaluate 0 - ((6 - 3) + (-12 - -12) + -15).
12
What is -40 + 77 + -24 + -15?
-2
Calculate 17 + -16 - (2 + -2 + 1).
0
What is the value of 50 - 46 - (0 - 2) - -4?
10
What is 6 - (-2 - (4 + -16))?
-4
What is -29 - (-35 - -22 - -10)?
-26
1 + (0 - 4) + (67 + -25 - 27)
12
Evaluate -10 + 14 + (-16 - -13).
1
-38 + 13 - -9 - (2 - 3)
-15
What is (1 - -16) + 30 + -26?
21
What is the value of (19 - -6) + 8 + -1 + -7 + -1?
24
Evaluate 25 - (6 + 1 + -11 + (0 - 4)).
33
What is 70 - 71 - (27 - (-3 - (2 - 1)))?
-32
What is 17 + (17 + -1 + -11 - -14)?
36
Calculate -46 + 58 - (-9 - -6).
15
-14 + 4 + -4 + 10 + -13
-17
What is the value of 39 + (-5 - (-1 + -5 - (4 - 7)))?
37
What is the value of 28 - 1 - (-26 - (19 + -47))?
25
What is the value of (-3 - 13) + 14 + 4?
2
What is -35 - (-7 + 7 - -2 - 6) - -10?
-21
What is (8 + 6 - (11 + -11)) + -2?
12
What is (-8 - -20) + (-211 - -202)?
3
Calculate 5 + -11 + 21 + -10.
5
What is the value of 1 - 12 - (-8 - (-15 - -22))?
4
(-109 - -112) + (-7 - 3)
-7
(23 + 4 - 16) + -2 + 0
9
What is the value of 22 + (-1 - (9 - -24))?
-12
What is the value of (-8 - (0 - 0 - 13)) + 7?
12
Evaluate -14 - -6 - (-27 - 4 - 6) - 6.
23
What is the value of -5 - (5 - (3 + 2 + 8))?
3
Calculate (2 - -9) + (-5 - 1) + -20.
-15
(-77 - -80) + (-9 - -8) + (-9 - -2)
-5
-12 + (1 + 6 - (9 - (3 - 0)))
-11
What is the value of 4 + 1 + (7 - 1) + -6?
5
What is -1 - -3 - -3 - (1 + -3 + 7)?
0
(-27 - (-57 - -19)) + (1 - 13)
-1
What is the value of (-4 - (-1 - -4)) + (332 - 329)?
-4
Evaluate 15 + (-23 - -18) - (-31 - -10).
31
Evaluate 4 + -4 - (-1 - -8).
-7
Evaluate (11 - 52) + 27 + (2 - 6).
-18
Calculate 5 - (-3 + (7 - (6 + (-2 - 1)))).
4
Evaluate 4 - (-7 + 18 + -26).
19
(13 - (25 - 7)) + (-1 - -1)
-5
0 - ((-118 - -127) + 0 + -1) - -4
-4
What is -34 - (18 - (-8 - -13)) - -16?
-31
What is -22 - (9 + -11 - 8 - (-2 + -1))?
-15
What is the value of 32 - 62 - (2 + 3 + -1 - -2)?
-36
-19 + (4 - -1 - 21 - (-30 + 21))
-26
-435 + 429 + 1 + (-2 - -2 - -31)
26
What is -10 - (22 - (52 + -17))?
3
What is the value of -236 + 243 - (-2 - 0 - -9)?
0
Evaluate -3 + -3 + (7 + -1 - 9).
-9
Calculate -8 + 9 + (7 + -4 - -4).
8
-19 + (0 - -18) + (-10 - -1)
-10
Calculate -26 - (7 + -2) - -17.
-14
Evaluate (-311 + 300 - (-1 - 0)) + (-8 - 1).
-19
What is (-15 - (-4 + (8 - 2))) + (226 - 235)?
-26
7 - -13 - 18 - (12 + 2)
-12
5 + -3 + 1 + (-8 - -11)
6
Calculate 0 - 1 - (-1 + -13 + 17).
-4
Calculate 4 + (24 - 9) - 2.
17
Calculate 10 - (6 + 2) - (6 - (6 - -6)).
8
14 + (11 - (-8 + 40 + -9))
2
What is the value of -5 + (-9 - (-2 + 2 + -18)) - 9?
-5
Evaluate 32 + (-41 - 11) + -3.
-23
What is the value of -7 - -4 -